 - 0*u + y*u - 78. What are the prime factors of q?
31
Let y be 1/(-2)*2/(-6)*0. Suppose -4*l + 5*t + 407 = 0, -l - 5*t + t + 107 = y. What are the prime factors of l?
103
Suppose 4*z - 5*b + 6 = 0, 0 = 2*z + b + 7 + 3. Let m = z - -18. What are the prime factors of m?
2, 7
Let b(r) = 2*r - 8. Let m be b(5). Suppose s = -m*q - s + 68, -4*q = 2*s - 128. List the prime factors of q.
2, 3, 5
Suppose -650 + 68 = -k. List the prime factors of k.
2, 3, 97
Let n be -2*((-51)/6 - -2). Let j = 85 - n. List the prime factors of j.
2, 3
Suppose -47*n = -10990 - 2123. What are the prime factors of n?
3, 31
What are the prime factors of 1816*(-9 + (-76)/(-8))?
2, 227
Let n be 16*75/6*2. Suppose 8*y = 3*y + n. Suppose -c - v = -28, 3*c - y = v - 0*v. What are the prime factors of c?
3
Suppose 2*b + 3020 + 5921 = 5*l, -5*l + 8950 = -5*b. What are the prime factors of l?
1787
Let p be (-20)/(2/(-4)*4). Suppose -4*v = -9*v + p. Let x(o) = 21*o - 3. List the prime factors of x(v).
3, 13
Suppose 3 = 5*x - 4*x. Suppose -2*r + x*f = -f - 124, -146 = -3*r - 4*f. What are the prime factors of r?
2, 3
Suppose m = -3*m + 60. Let w = 39 - m. Let h = w - 14. List the prime factors of h.
2, 5
Suppose 0 = 16*f + 14*f - 6090. List the prime factors of f.
7, 29
Let p(g) = 4*g**3 + 3*g**2 - 2*g - 2. Let k be p(-2). What are the prime factors of 92 - (22/(-6) - 12/k)?
5, 19
Let g(t) = t + 10. Let f be g(4). Suppose 4*z - 19 = 9. Let k = f + z. List the prime factors of k.
3, 7
Let b be (1026/4)/((-2)/(-4)). Let w = -255 + b. What are the prime factors of w?
2, 3, 43
Let n(j) = j**2 + 13*j + 34. Let i(k) = -k**3 + 22*k**2 + 22*k + 8. Let x be i(23). What are the prime factors of n(x)?
2
Let n(g) = g**2 + 11*g - 12. Let v be 7/(((-3)/2)/3). List the prime factors of n(v).
2, 3, 5
Let m be ((-11)/2)/((-7)/14). Suppose -4*p + 81 = -m. Suppose 3*a + p = 3*n - 49, -5*a + 48 = 2*n. List the prime factors of n.
2, 3
Suppose 5*q + 575 = -9*z + 4*z, 452 = -4*z + 4*q. Let d = 208 + z. What are the prime factors of d?
2, 47
Let g = 347 - -114. What are the prime factors of g?
461
Let u be 0 + -3 - (7 + -7) - 0. Let v = 70 + u. List the prime factors of v.
67
Let g(p) = p**3 - p**2 + p - 3. Let n be g(0). Let v be n/(-18) - 3/18. Suppose 0 = -v*l + l - 37. List the prime factors of l.
37
Let v(n) = 14*n**3 + 5*n**2 - 7*n - 14. List the prime factors of v(7).
2, 7, 89
Let g = 6636 - 3764. Suppose -g - 1004 = -17*a. What are the prime factors of a?
2, 3, 19
Suppose -14*f + 189 + 7497 = 0. List the prime factors of f.
3, 61
Suppose -t + 186 = 2*t. Let i = -112 + t. List the prime factors of -1*2*i/20.
5
What are the prime factors of (-369)/((4 + -3)/(-1))?
3, 41
Let o(n) = -2 + 2*n + 15 + 1. Let w be o(-6). What are the prime factors of (-1)/w*82/(-1)?
41
Let b(g) = -g. Let o be b(-3). Suppose o*j = -2*j. Let c(p) = p + 9. List the prime factors of c(j).
3
Suppose 13*n - 4*d - 3696 = 11*n, -5*d + 5511 = 3*n. List the prime factors of n.
2, 3, 307
Let x(i) = i**2 - 11*i + 14. Let d be ((-4)/6)/(3/(-27)). Suppose -2*c + d = -16. List the prime factors of x(c).
2, 7
Suppose 2*n - 2*w + 3*w - 1 = 0, -w - 5 = 0. Suppose 0 = 5*d - f - 20, f = n*f. What are the prime factors of 308/20 - d/10?
3, 5
Let n(u) = -8 - 9 + 8 + 1 + 5*u. List the prime factors of n(18).
2, 41
Let u be 15 + (-1 + 13)/(-3). Let y = 15 - u. Suppose k + l - 119 = -2*k, 2*k - 56 = y*l. List the prime factors of k.
2, 19
List the prime factors of (-13144)/(-12) + (-14)/42.
3, 5, 73
Let x = -17 + 17. Suppose -u + 0*u + 16 = x. What are the prime factors of u?
2
Let w = 3 - -5. Let u(z) = -z + 4 - 2 + 11 - 2. What are the prime factors of u(w)?
3
Suppose 4*h + 1 - 9 = 0. Let c = h + 2. Suppose -c*n + 70 = n. What are the prime factors of n?
2, 7
Suppose 3*r + 2*g - 358 = 73, -6*r = g - 877. What are the prime factors of r?
3, 7
Suppose -n + 4*n - 2*j = 82, n + 4*j - 46 = 0. Let d(g) = g**3 - 6*g**2 + 3*g + 4. Let q be d(5). List the prime factors of 224/5 - q/n.
3, 5
Let k(m) be the second derivative of m**5/20 + 2*m**4 - m**3/2 + 43*m**2/2 + 10*m. What are the prime factors of k(-24)?
5, 23
Let k = -17 + 19. Let i(j) = -j**2 + 10 + 3*j + j**3 - j**k - 3*j**2. List the prime factors of i(5).
5
Let v(k) = k**2 - 5*k + 5. Let b be 78/21 - (-2)/7. Let s be v(b). Suppose 5*t - s = j + 20, 3*t = -4*j + 31. List the prime factors of t.
5
Suppose -2*m - 95*g + 96*g = -763, -2*m - g = -761. List the prime factors of m.
3, 127
Let o(w) = 8*w**2 - 20*w + 12. Let i be o(-11). Suppose -4*y = -0*y - i. What are the prime factors of y?
2, 3, 5
Let m(y) = y**3 - 14*y**2 + 16*y - 10. Suppose -8*a = -9*a + 13. List the prime factors of m(a).
29
Suppose 5*s = 3*i - 49, 2*i + 4 = -5*s - 5. Suppose -i*c = -4*c - 332. What are the prime factors of c?
83
Let c(a) = 6*a**2 - 2*a - 3. Suppose -5*y - 7 = v + 1, -2*y - 14 = -5*v. List the prime factors of c(y).
5
Let a(q) = q**2 - 2. Let j be 1/(-3) - (-28)/(-6). Let w be a(j). Suppose k - 43 - w = 0. What are the prime factors of k?
2, 3, 11
Let m(y) = 27*y - 52. What are the prime factors of m(3)?
29
Suppose 0 = -i + 1, -8*d + 3*i - 75 = -5*d. List the prime factors of (-464)/d*(-2)/(-4)*3.
29
What are the prime factors of 7 + -6 + -3 - -836?
2, 3, 139
Let o = 5 - 12. Let h(m) = -11*m - 7. Let d be h(o). Suppose -5*w - 3*c + 0 = -d, 0 = 2*c. What are the prime factors of w?
2, 7
Let r(d) = 5*d**2 - 2*d + 5. Let s be r(-3). Let h(u) = -3*u**2 + 7*u + 1. Let v be h(5). Let o = s + v. List the prime factors of o.
17
Let i(o) = o**2 - 4. Let r be i(3). Suppose d - b = -0*b - 2, -r*d + 2*b + 5 = 0. Suppose -107 = -d*j - 32. What are the prime factors of j?
5
Suppose u - 2*z + 3*z - 1 = 0, 0 = -u - 5*z + 21. Let g(i) = 40 - 80 - 12*i + 38. What are the prime factors of g(u)?
2, 23
Let z(n) = -141*n - 278. What are the prime factors of z(-9)?
991
What are the prime factors of 11/121 + 144333/99?
2, 3
Let c be 4 + -6 + -1 - 11. List the prime factors of c/(-14) + 61/1.
2, 31
Let k(l) = l**3 + 11*l**2 - 13*l + 3. Let y be k(-12). Suppose -2*q + 28 = -3*r, 2*q + 18 + 14 = -2*r. Let p = y - r. List the prime factors of p.
3
Let o(l) = 36*l**2 + 2*l - 2. What are the prime factors of o(-4)?
2, 283
Let a be -1 - (-4)/(-4)*2. Let v = 6 - a. Let m = 16 - v. What are the prime factors of m?
7
Suppose 1018 = 25*s - 382. What are the prime factors of s?
2, 7
Suppose -2*d - 11*c = -7*c - 1248, 3*c = -d + 629. List the prime factors of d.
2, 307
Suppose -v + 1578 = -5*l, v - 2*l - l - 1576 = 0. What are the prime factors of v?
11, 13
Let q(u) = 6*u - 12. Let m be q(13). Suppose m = -0*t - 2*t - 3*v, 0 = -v. What are the prime factors of 1884/44 - 6/t?
43
Suppose -4*o + 251 = -5*q - o, -o = 5*q + 263. Let t = q - -96. List the prime factors of t.
2, 11
Let l be (222/8)/((-1)/(-20)). Let k = l - 330. List the prime factors of k.
3, 5
Suppose 27*g - 15246 = 9*g. What are the prime factors of g?
7, 11
Let k(d) = 21*d + 55. List the prime factors of k(9).
2, 61
Let j = -27 - -29. Suppose 4*t + 16 = 0, 331 + 341 = 5*o + j*t. List the prime factors of o.
2, 17
Suppose -5*l + 6927 = -5713. What are the prime factors of l?
2, 79
Let u be -2 + (-16)/(-4) + 0. Suppose 4*t - 2*t - 30 = -4*c, 4*c - u*t = 50. List the prime factors of (39/(-6))/((-5)/c).
13
Suppose 0 = 3*g + 2*c - 4, -4*g + 0*c - 4*c + 4 = 0. Let a be (g + -4)*25/(-1). Let j = -21 + a. List the prime factors of j.
29
Suppose 0 = 10*u + 4*u - 8498. What are the prime factors of u?
607
Let s(r) = -8 - 9 + 5*r**2 - 4*r**2 + r + 9*r**2. What are the prime factors of s(-4)?
139
Let s(b) = -b + 7. Let y be s(8). Let n be (11 + -11)/(1 - y). Suppose 2*i - 3*l - 106 = 0, n*i = 4*i + 2*l - 244. List the prime factors of i.
59
Suppose 4000 = 2*m + 4*a, -26*m + 28*m - 3994 = -a. What are the prime factors of m?
2, 499
Let m(s) = s**3 + 12*s**2 - 3*s - 15. Let t be m(-12). Suppose -t = -4*p - 5. What are the prime factors of p?
2
Let f = 1957 + -950. List the prime factors of f.
19, 53
Let p(q) = -5*q - 5. Let o be -15*3/(10 - 1). List the prime factors of p(o).
2, 5
Suppose 0 = -5*z - 48 + 28. List the prime factors of 2*z/44 - (-959)/11.
3, 29
Let t = 24 + -18. Suppose k - 3 - t = 0. Suppose 0 = 2*m + k - 41. What are the prime factors of m?
2
Suppose 12*p - 15*p + 3582 = 0. 